er when 241104 is divided by 60210.
264
Calculate the remainder when 131918 is divided by 5115.
4043
Calculate the remainder when 14200067 is divided by 76.
75
Calculate the remainder when 246856 is divided by 169.
116
Calculate the remainder when 5300474 is divided by 148.
2
What is the remainder when 1242371 is divided by 4474?
3073
What is the remainder when 366866024 is divided by 1164?
1160
What is the remainder when 24400 is divided by 819?
649
What is the remainder when 49088198 is divided by 12272040?
38
Calculate the remainder when 43643 is divided by 13414.
3401
Calculate the remainder when 41346 is divided by 6673.
1308
What is the remainder when 2546495 is divided by 1273205?
85
What is the remainder when 13278108 is divided by 263?
27
Calculate the remainder when 906089 is divided by 301966.
191
What is the remainder when 52785009 is divided by 13196248?
17
What is the remainder when 110879 is divided by 1?
0
Calculate the remainder when 746925 is divided by 448.
109
Calculate the remainder when 19432137 is divided by 910.
907
What is the remainder when 511277 is divided by 5110?
277
Calculate the remainder when 4112481 is divided by 822476.
101
What is the remainder when 2084385 is divided by 2084374?
11
Calculate the remainder when 45734 is divided by 43894.
1840
Calculate the remainder when 32362 is divided by 6415.
287
What is the remainder when 1865515 is divided by 2458?
2351
Calculate the remainder when 21591048 is divided by 3112.
3104
What is the remainder when 74846 is divided by 14900?
346
What is the remainder when 96939 is divided by 19044?
1719
Calculate the remainder when 2636834 is divided by 67611.
5
What is the remainder when 542139 is divided by 57?
12
What is the remainder when 690747 is divided by 213?
201
Calculate the remainder when 175713133 is divided by 4022.
4019
Calculate the remainder when 765917 is divided by 457.
442
Calculate the remainder when 10091810 is divided by 124590.
20
What is the remainder when 25378226 is divided by 63?
62
What is the remainder when 8575250 is divided by 194?
62
What is the remainder when 21585151 is divided by 6775?
1
Calculate the remainder when 320384 is divided by 402.
392
Calculate the remainder when 101918 is divided by 1449.
488
Calculate the remainder when 882858 is divided by 441426.
6
Calculate the remainder when 155335 is divided by 351.
193
Calculate the remainder when 347839 is divided by 108.
79
What is the remainder when 103891962 is divided by 10389191?
52
What is the remainder when 17982226 is divided by 32?
18
What is the remainder when 40650172 is divided by 802?
0
What is the remainder when 7890975 is divided by 11?
4
Calculate the remainder when 3001822 is divided by 3743.
3679
What is the remainder when 226942 is divided by 75451?
589
What is the remainder when 40330359 is divided by 70?
69
What is the remainder when 1146006 is divided by 97?
48
What is the remainder when 26147 is divided by 15119?
11028
What is the remainder when 82261 is divided by 148?
121
What is the remainder when 18421331 is divided by 22141?
19
What is the remainder when 2222285 is divided by 3?
2
What is the remainder when 4311774 is divided by 713?
263
What is the remainder when 2924375 is divided by 26?
25
What is the remainder when 128000 is divided by 21333?
2
What is the remainder when 2061640 is divided by 216?
136
What is the remainder when 279124 is divided by 2448?
52
Calculate the remainder when 29153 is divided by 3210.
263
Calculate the remainder when 75747 is divided by 4002.
3711
What is the remainder when 859220 is divided by 859141?
79
Calculate the remainder when 1446326 is divided by 43.
21
What is the remainder when 5287003 is divided by 1592?
1563
Calculate the remainder when 40827 is divided by 852.
783
What is the remainder when 6761192 is divided by 233?
231
Calculate the remainder when 37862749 is divided by 5770.
9
Calculate the remainder when 3401224 is divided by 37790.
124
What is the remainder when 3409779 is divided by 39?
9
Calculate the remainder when 4674783 is divided by 52.
35
Calculate the remainder when 14038866 is divided by 239.
6
Calculate the remainder when 518760 is divided by 391.
294
What is the remainder when 823928 is divided by 205970?
48
What is the remainder when 12360 is divided by 298?
142
What is the remainder when 3805062 is divided by 3230?
122
Calculate the remainder when 825744 is divided by 90.
84
What is the remainder when 5075075 is divided by 273?
5
What is the remainder when 13127 is divided by 4912?
3303
What is the remainder when 190079496 is divided by 322?
320
Calculate the remainder when 10031 is divided by 7573.
2458
What is the remainder when 222403293 is divided by 228?
9
Calculate the remainder when 3490146 is divided by 461.
376
What is the remainder when 68404303 is divided by 367765?
13
Calculate the remainder when 2147153 is divided by 59643.
5
What is the remainder when 106569654 is divided by 10656964?
14
Calculate the remainder when 31632485 is divided by 675.
635
Calculate the remainder when 35264915 is divided by 478.
465
Calculate the remainder when 15448380 is divided by 14769.
6
Calculate the remainder when 1236325444 is divided by 73.
72
What is the remainder when 474840381 is divided by 192?
189
What is the remainder when 28797 is divided by 5496?
1317
Calculate the remainder when 2394719 is divided by 54.
35
What is the remainder when 1806885 is divided by 1272?
645
What is the remainder when 22420692 is divided by 4162?
4160
What is the remainder when 16511578 is divided by 2007?
1996
Calculate the remainder when 96590357 is divided by 4229.
4226
What is the remainder when 285055724 is divided by 204?
200
Calculate the remainder when 51695923 is divided by 43699.
6
Calculate the remainder when 197566924 is divided by 2006.
2002
What is the remainder when 2695388 is divided by 3895?
48
What is the remainder when 615202 is divided by 48?
34
What is the remainder when 787172 is divided by 262387?
11
What is the remainder when 1826 is divided by 230?
216
What is the remainder when 3538575 is divided by 2625?
75
What is the remainder when 2512750 is divided by 1680?
1150
What is the remainder when 119359273 is divided by 75?
73
What is the remainder when 4700061 is divided by 4699934?
127
Calculate the remainder when 59927670 is divided by 25.
20
Calculate the remainder when 3172473 is divided by 348.
105
Calculate the remainder when 6274680 is divided by 2632.
2624
Calculate the remainder when 1149626 is divided by 74.
36
Calculate the remainder when 7925836 is divided by 26.
22
What is the remainder when 23113 is divided by 22623?
490
Calculate the remainder when 929041 is divided by 10098.
25
What is the remainder when 58658 is divided by 54755?
3903
Calculate the remainder when 227571 is divided by 7845.
66
Calculate the remainder when 1176708 is divided by 53.
2
What is the remainder when 28821006 is divided by 3347?
3336
Calculate the remainder when 3536062 is divided by 121932.
34
What is the remainder when 310096 is divided by 2070?
1666
What is the remainder when 3945378 is divided by 76?
66
Calculate the remainder when 52061 is divided by 12581.
1737
Calculate the remainder when 308476 is divided by 351.
298
What is the remainder when 2804067 is divided by 2804058?
9
Calculate the remainder when 7295696 is divided by 7295624.
72
Calculate the remainder when 878115 is divided by 229.
129
What is the remainder when 29456 is divided by 323?
63
What is the remainder when 1275650 is divided by 5042?
24
What is the remainder when 236641 is divided by 1567?
24
Calculate the remainder when 168208 is divided by 56059.
31
Calculate the remainder when 4120125 is divided by 3720.
2085
What is the remainder when 8384243 is divided by 12?
11
What is the remainder when 17810130 is divided by 1551?
1548
Calculate the remainder when 595393 is divided by 340.
53
Calculate the remainder when 162200 is divided by 8519.
339
Calculate the remainder when 13467048 is divided by 237.
234
What is the remainder when 13006533 is divided by 151?
148
What is the remainder when 174613 is divided by 2105?
2003
Calculate the remainder when 180879 is divided by 34718.
7289
What is the remainder when 1083904 is divi